{"id":7641,"date":"2023-11-01T00:02:12","date_gmt":"2023-11-01T00:02:12","guid":{"rendered":"https:\/\/fepyme.org.gt\/?page_id=7641"},"modified":"2023-12-05T22:55:25","modified_gmt":"2023-12-05T22:55:25","slug":"junta-directiva-fepyme","status":"publish","type":"page","link":"https:\/\/fepyme.org.gt\/portal\/junta-directiva-fepyme\/","title":{"rendered":"Junta Directiva FEPYME"},"content":{"rendered":"<div class=\"wpb-content-wrapper\"><p>[vc_row][vc_column][vc_column_text]<\/p>\n<h1>Integraci\u00f3n Junta Directiva 2022-2024<\/h1>\n<p>[\/vc_column_text][\/vc_column][\/vc_row][vc_row row_type=&#8221;row_full_center_content&#8221;][vc_column][vc_single_image image=&#8221;7642&#8243; img_size=&#8221;full&#8221; alignment=&#8221;center&#8221; style=&#8221;vc_box_rounded&#8221;][\/vc_column][\/vc_row][vc_row][vc_column][vc_column_text]En la Federaci\u00f3n de la Peque\u00f1a y Mediana Empresa, nuestra misi\u00f3n es velar por los intereses de los asociados, represent\u00e1ndolos ante las entidades p\u00fablicas y privadas, nacionales e internacionales, impulsar el crecimiento y \u00e9xito de las empresas en un mundo empresarial en constante evoluci\u00f3n.<br \/>\nNuestra Junta Directiva est\u00e1 formada por un equipo dedicado y apasionado de l\u00edderes que trabajan incansablemente para lograr este objetivo. Perm\u00edtanos presentar a quienes lideran nuestra federaci\u00f3n:<\/p>\n<h4 style=\"text-align: center;\">Presidente<\/h4>\n<p style=\"text-align: center;\">Lic. Manfredo Reyes<\/p>\n<h4 style=\"text-align: center;\">Director Ejecutivo<\/h4>\n<p style=\"text-align: center;\">Lic. Ra\u00fal Rosales<\/p>\n<h4 style=\"text-align: center;\">Vicepresidente<\/h4>\n<p style=\"text-align: center;\">Lic. Juan Jos\u00e9 G\u00f3mez Pinz\u00f3n<\/p>\n<h4 style=\"text-align: center;\">Secretario<\/h4>\n<p style=\"text-align: center;\">Rodolfo God\u00ednez<\/p>\n<h4 style=\"text-align: center;\">Tesorero<\/h4>\n<p style=\"text-align: center;\">Edy Duran<\/p>\n<h4 style=\"text-align: center;\">Vocal I<\/h4>\n<p style=\"text-align: center;\">Mar\u00eda Esther Espa\u00f1a<\/p>\n<h4 style=\"text-align: center;\">Vocal II<\/h4>\n<p style=\"text-align: center;\">Dr. Rub\u00e9n Corzo<\/p>\n<h4 style=\"text-align: center;\">Vocal III<\/h4>\n<p style=\"text-align: center;\">Oscar Mu\u00f1oz<\/p>\n<h4 style=\"text-align: center;\">Vocal IV<\/h4>\n<p style=\"text-align: center;\">Ing. Ronaldo Haase<\/p>\n<h4 style=\"text-align: center;\">Vocal V<\/h4>\n<p style=\"text-align: center;\">Lic. Gustavo Ar\u00e9valo<\/p>\n<p>[\/vc_column_text][\/vc_column][\/vc_row]<\/p>\n<\/div>","protected":false},"excerpt":{"rendered":"<p>[vc_row][vc_column][vc_column_text] Integraci\u00f3n Junta Directiva 2022-2024 [\/vc_column_text][\/vc_column][\/vc_row][vc_row row_type=&#8221;row_full_center_content&#8221;][vc_column][vc_single_image image=&#8221;7642&#8243; img_size=&#8221;full&#8221; alignment=&#8221;center&#8221; style=&#8221;vc_box_rounded&#8221;][\/vc_column][\/vc_row][vc_row][vc_column][vc_column_text]En la Federaci\u00f3n de la Peque\u00f1a y Mediana Empresa, nuestra misi\u00f3n es velar por los intereses de los asociados, represent\u00e1ndolos ante las entidades p\u00fablicas y privadas, nacionales e internacionales, impulsar el crecimiento y \u00e9xito de las empresas en un mundo empresarial en constante evoluci\u00f3n. Nuestra [&hellip;]<\/p>\n","protected":false},"author":1,"featured_media":0,"parent":0,"menu_order":0,"comment_status":"closed","ping_status":"closed","template":"","meta":{"nf_dc_page":"","om_disable_all_campaigns":false,"footnotes":""},"class_list":["post-7641","page","type-page","status-publish","hentry"],"cubewp_post_meta":[],"taxonomies":[],"yoast_head":"<!-- This site is optimized with the Yoast SEO plugin v28.4 - https:\/\/yoast.com\/product\/yoast-seo-wordpress\/ -->\n<title>Junta Directiva FEPYME - FEPYME<\/title>\n<meta name=\"robots\" content=\"index, follow, max-snippet:-1, max-image-preview:large, max-video-preview:-1\" \/>\n<link rel=\"canonical\" href=\"https:\/\/fepyme.org.gt\/junta-directiva-fepyme\/\" \/>\n<meta property=\"og:locale\" content=\"es_ES\" \/>\n<meta property=\"og:type\" content=\"article\" \/>\n<meta property=\"og:title\" content=\"Junta Directiva FEPYME - FEPYME\" \/>\n<meta property=\"og:description\" content=\"[vc_row][vc_column][vc_column_text] Integraci\u00f3n Junta Directiva 2022-2024 [\/vc_column_text][\/vc_column][\/vc_row][vc_row row_type=&#8221;row_full_center_content&#8221;][vc_column][vc_single_image image=&#8221;7642&#8243; img_size=&#8221;full&#8221; alignment=&#8221;center&#8221; style=&#8221;vc_box_rounded&#8221;][\/vc_column][\/vc_row][vc_row][vc_column][vc_column_text]En la Federaci\u00f3n de la Peque\u00f1a y Mediana Empresa, nuestra misi\u00f3n es velar por los intereses de los asociados, represent\u00e1ndolos ante las entidades p\u00fablicas y privadas, nacionales e internacionales, impulsar el crecimiento y \u00e9xito de las empresas en un mundo empresarial en constante evoluci\u00f3n. Nuestra [&hellip;]\" \/>\n<meta property=\"og:url\" content=\"https:\/\/fepyme.org.gt\/junta-directiva-fepyme\/\" \/>\n<meta property=\"og:site_name\" content=\"FEPYME\" \/>\n<meta property=\"article:modified_time\" content=\"2023-12-05T22:55:25+00:00\" \/>\n<meta name=\"twitter:card\" content=\"summary_large_image\" \/>\n<meta name=\"twitter:label1\" content=\"Tiempo de lectura\" \/>\n\t<meta name=\"twitter:data1\" content=\"1 minuto\" \/>\n<script type=\"application\/ld+json\" class=\"yoast-schema-graph\">{\"@context\":\"https:\\\/\\\/schema.org\",\"@graph\":[{\"@type\":\"WebPage\",\"@id\":\"https:\\\/\\\/fepyme.org.gt\\\/junta-directiva-fepyme\\\/\",\"url\":\"https:\\\/\\\/fepyme.org.gt\\\/junta-directiva-fepyme\\\/\",\"name\":\"Junta Directiva FEPYME - FEPYME\",\"isPartOf\":{\"@id\":\"https:\\\/\\\/fepyme.org.gt\\\/#website\"},\"datePublished\":\"2023-11-01T00:02:12+00:00\",\"dateModified\":\"2023-12-05T22:55:25+00:00\",\"breadcrumb\":{\"@id\":\"https:\\\/\\\/fepyme.org.gt\\\/junta-directiva-fepyme\\\/#breadcrumb\"},\"inLanguage\":\"es\",\"potentialAction\":[{\"@type\":\"ReadAction\",\"target\":[\"https:\\\/\\\/fepyme.org.gt\\\/junta-directiva-fepyme\\\/\"]}]},{\"@type\":\"BreadcrumbList\",\"@id\":\"https:\\\/\\\/fepyme.org.gt\\\/junta-directiva-fepyme\\\/#breadcrumb\",\"itemListElement\":[{\"@type\":\"ListItem\",\"position\":1,\"name\":\"Home\",\"item\":\"https:\\\/\\\/fepyme.org.gt\\\/\"},{\"@type\":\"ListItem\",\"position\":2,\"name\":\"Junta Directiva FEPYME\"}]},{\"@type\":\"WebSite\",\"@id\":\"https:\\\/\\\/fepyme.org.gt\\\/#website\",\"url\":\"https:\\\/\\\/fepyme.org.gt\\\/\",\"name\":\"FEPYME\",\"description\":\"Federaci\u00f3n de la peque\u00f1a y mediana empresa\",\"potentialAction\":[{\"@type\":\"SearchAction\",\"target\":{\"@type\":\"EntryPoint\",\"urlTemplate\":\"https:\\\/\\\/fepyme.org.gt\\\/?s={search_term_string}\"},\"query-input\":{\"@type\":\"PropertyValueSpecification\",\"valueRequired\":true,\"valueName\":\"search_term_string\"}}],\"inLanguage\":\"es\"}]}<\/script>\n<!-- \/ Yoast SEO plugin. -->","yoast_head_json":{"title":"Junta Directiva FEPYME - FEPYME","robots":{"index":"index","follow":"follow","max-snippet":"max-snippet:-1","max-image-preview":"max-image-preview:large","max-video-preview":"max-video-preview:-1"},"canonical":"https:\/\/fepyme.org.gt\/junta-directiva-fepyme\/","og_locale":"es_ES","og_type":"article","og_title":"Junta Directiva FEPYME - FEPYME","og_description":"[vc_row][vc_column][vc_column_text] Integraci\u00f3n Junta Directiva 2022-2024 [\/vc_column_text][\/vc_column][\/vc_row][vc_row row_type=&#8221;row_full_center_content&#8221;][vc_column][vc_single_image image=&#8221;7642&#8243; img_size=&#8221;full&#8221; alignment=&#8221;center&#8221; style=&#8221;vc_box_rounded&#8221;][\/vc_column][\/vc_row][vc_row][vc_column][vc_column_text]En la Federaci\u00f3n de la Peque\u00f1a y Mediana Empresa, nuestra misi\u00f3n es velar por los intereses de los asociados, represent\u00e1ndolos ante las entidades p\u00fablicas y privadas, nacionales e internacionales, impulsar el crecimiento y \u00e9xito de las empresas en un mundo empresarial en constante evoluci\u00f3n. Nuestra [&hellip;]","og_url":"https:\/\/fepyme.org.gt\/junta-directiva-fepyme\/","og_site_name":"FEPYME","article_modified_time":"2023-12-05T22:55:25+00:00","twitter_card":"summary_large_image","twitter_misc":{"Tiempo de lectura":"1 minuto"},"schema":{"@context":"https:\/\/schema.org","@graph":[{"@type":"WebPage","@id":"https:\/\/fepyme.org.gt\/junta-directiva-fepyme\/","url":"https:\/\/fepyme.org.gt\/junta-directiva-fepyme\/","name":"Junta Directiva FEPYME - FEPYME","isPartOf":{"@id":"https:\/\/fepyme.org.gt\/#website"},"datePublished":"2023-11-01T00:02:12+00:00","dateModified":"2023-12-05T22:55:25+00:00","breadcrumb":{"@id":"https:\/\/fepyme.org.gt\/junta-directiva-fepyme\/#breadcrumb"},"inLanguage":"es","potentialAction":[{"@type":"ReadAction","target":["https:\/\/fepyme.org.gt\/junta-directiva-fepyme\/"]}]},{"@type":"BreadcrumbList","@id":"https:\/\/fepyme.org.gt\/junta-directiva-fepyme\/#breadcrumb","itemListElement":[{"@type":"ListItem","position":1,"name":"Home","item":"https:\/\/fepyme.org.gt\/"},{"@type":"ListItem","position":2,"name":"Junta Directiva FEPYME"}]},{"@type":"WebSite","@id":"https:\/\/fepyme.org.gt\/#website","url":"https:\/\/fepyme.org.gt\/","name":"FEPYME","description":"Federaci\u00f3n de la peque\u00f1a y mediana empresa","potentialAction":[{"@type":"SearchAction","target":{"@type":"EntryPoint","urlTemplate":"https:\/\/fepyme.org.gt\/?s={search_term_string}"},"query-input":{"@type":"PropertyValueSpecification","valueRequired":true,"valueName":"search_term_string"}}],"inLanguage":"es"}]}},"jetpack_sharing_enabled":true,"_links":{"self":[{"href":"https:\/\/fepyme.org.gt\/portal\/wp-json\/wp\/v2\/pages\/7641","targetHints":{"allow":["GET"]}}],"collection":[{"href":"https:\/\/fepyme.org.gt\/portal\/wp-json\/wp\/v2\/pages"}],"about":[{"href":"https:\/\/fepyme.org.gt\/portal\/wp-json\/wp\/v2\/types\/page"}],"author":[{"embeddable":true,"href":"https:\/\/fepyme.org.gt\/portal\/wp-json\/wp\/v2\/users\/1"}],"replies":[{"embeddable":true,"href":"https:\/\/fepyme.org.gt\/portal\/wp-json\/wp\/v2\/comments?post=7641"}],"version-history":[{"count":5,"href":"https:\/\/fepyme.org.gt\/portal\/wp-json\/wp\/v2\/pages\/7641\/revisions"}],"predecessor-version":[{"id":8067,"href":"https:\/\/fepyme.org.gt\/portal\/wp-json\/wp\/v2\/pages\/7641\/revisions\/8067"}],"wp:attachment":[{"href":"https:\/\/fepyme.org.gt\/portal\/wp-json\/wp\/v2\/media?parent=7641"}],"curies":[{"name":"wp","href":"https:\/\/api.w.org\/{rel}","templated":true}]}}

<div class="wpb-content-wrapper"><p>[vc_row][vc_column][vc_column_text]</p>
<h1>Integración Junta Directiva 2022-2024</h1>
<p>[/vc_column_text][/vc_column][/vc_row][vc_row row_type=&#8221;row_full_center_content&#8221;][vc_column][vc_single_image image=&#8221;7642&#8243; img_size=&#8221;full&#8221; alignment=&#8221;center&#8221; style=&#8221;vc_box_rounded&#8221;][/vc_column][/vc_row][vc_row][vc_column][vc_column_text]En la Federación de la Pequeña y Mediana Empresa, nuestra misión es velar por los intereses de los asociados, representándolos ante las entidades públicas y privadas, nacionales e internacionales, impulsar el crecimiento y éxito de las empresas en un mundo empresarial en constante evolución.<br />
Nuestra Junta Directiva está formada por un equipo dedicado y apasionado de líderes que trabajan incansablemente para lograr este objetivo. Permítanos presentar a quienes lideran nuestra federación:</p>
<h4 style="text-align: center;">Presidente</h4>
<p style="text-align: center;">Lic. Manfredo Reyes</p>
<h4 style="text-align: center;">Director Ejecutivo</h4>
<p style="text-align: center;">Lic. Raúl Rosales</p>
<h4 style="text-align: center;">Vicepresidente</h4>
<p style="text-align: center;">Lic. Juan José Gómez Pinzón</p>
<h4 style="text-align: center;">Secretario</h4>
<p style="text-align: center;">Rodolfo Godínez</p>
<h4 style="text-align: center;">Tesorero</h4>
<p style="text-align: center;">Edy Duran</p>
<h4 style="text-align: center;">Vocal I</h4>
<p style="text-align: center;">María Esther España</p>
<h4 style="text-align: center;">Vocal II</h4>
<p style="text-align: center;">Dr. Rubén Corzo</p>
<h4 style="text-align: center;">Vocal III</h4>
<p style="text-align: center;">Oscar Muñoz</p>
<h4 style="text-align: center;">Vocal IV</h4>
<p style="text-align: center;">Ing. Ronaldo Haase</p>
<h4 style="text-align: center;">Vocal V</h4>
<p style="text-align: center;">Lic. Gustavo Arévalo</p>
<p>[/vc_column_text][/vc_column][/vc_row]</p>
</div>

<p>[vc_row][vc_column][vc_column_text] Integración Junta Directiva 2022-2024 [/vc_column_text][/vc_column][/vc_row][vc_row row_type=&#8221;row_full_center_content&#8221;][vc_column][vc_single_image image=&#8221;7642&#8243; img_size=&#8221;full&#8221; alignment=&#8221;center&#8221; style=&#8221;vc_box_rounded&#8221;][/vc_column][/vc_row][vc_row][vc_column][vc_column_text]En la Federación de la Pequeña y Mediana Empresa, nuestra misión es velar por los intereses de los asociados, representándolos ante las entidades públicas y privadas, nacionales e internacionales, impulsar el crecimiento y éxito de las empresas en un mundo empresarial en constante evolución. Nuestra [&hellip;]</p>

<!-- This site is optimized with the Yoast SEO plugin v28.4 - https://yoast.com/product/yoast-seo-wordpress/ -->
<title>Junta Directiva FEPYME - FEPYME</title>
<meta name="robots" content="index, follow, max-snippet:-1, max-image-preview:large, max-video-preview:-1" />
<link rel="canonical" href="https://fepyme.org.gt/junta-directiva-fepyme/" />
<meta property="og:locale" content="es_ES" />
<meta property="og:type" content="article" />
<meta property="og:title" content="Junta Directiva FEPYME - FEPYME" />
<meta property="og:description" content="[vc_row][vc_column][vc_column_text] Integración Junta Directiva 2022-2024 [/vc_column_text][/vc_column][/vc_row][vc_row row_type=&#8221;row_full_center_content&#8221;][vc_column][vc_single_image image=&#8221;7642&#8243; img_size=&#8221;full&#8221; alignment=&#8221;center&#8221; style=&#8221;vc_box_rounded&#8221;][/vc_column][/vc_row][vc_row][vc_column][vc_column_text]En la Federación de la Pequeña y Mediana Empresa, nuestra misión es velar por los intereses de los asociados, representándolos ante las entidades públicas y privadas, nacionales e internacionales, impulsar el crecimiento y éxito de las empresas en un mundo empresarial en constante evolución. Nuestra [&hellip;]" />
<meta property="og:url" content="https://fepyme.org.gt/junta-directiva-fepyme/" />
<meta property="og:site_name" content="FEPYME" />
<meta property="article:modified_time" content="2023-12-05T22:55:25+00:00" />
<meta name="twitter:card" content="summary_large_image" />
<meta name="twitter:label1" content="Tiempo de lectura" />
	<meta name="twitter:data1" content="1 minuto" />
<script type="application/ld+json" class="yoast-schema-graph">{"@context":"https:\/\/schema.org","@graph":[{"@type":"WebPage","@id":"https:\/\/fepyme.org.gt\/junta-directiva-fepyme\/","url":"https:\/\/fepyme.org.gt\/junta-directiva-fepyme\/","name":"Junta Directiva FEPYME - FEPYME","isPartOf":{"@id":"https:\/\/fepyme.org.gt\/#website"},"datePublished":"2023-11-01T00:02:12+00:00","dateModified":"2023-12-05T22:55:25+00:00","breadcrumb":{"@id":"https:\/\/fepyme.org.gt\/junta-directiva-fepyme\/#breadcrumb"},"inLanguage":"es","potentialAction":[{"@type":"ReadAction","target":["https:\/\/fepyme.org.gt\/junta-directiva-fepyme\/"]}]},{"@type":"BreadcrumbList","@id":"https:\/\/fepyme.org.gt\/junta-directiva-fepyme\/#breadcrumb","itemListElement":[{"@type":"ListItem","position":1,"name":"Home","item":"https:\/\/fepyme.org.gt\/"},{"@type":"ListItem","position":2,"name":"Junta Directiva FEPYME"}]},{"@type":"WebSite","@id":"https:\/\/fepyme.org.gt\/#website","url":"https:\/\/fepyme.org.gt\/","name":"FEPYME","description":"Federación de la pequeña y mediana empresa","potentialAction":[{"@type":"SearchAction","target":{"@type":"EntryPoint","urlTemplate":"https:\/\/fepyme.org.gt\/?s={search_term_string}"},"query-input":{"@type":"PropertyValueSpecification","valueRequired":true,"valueName":"search_term_string"}}],"inLanguage":"es"}]}</script>
<!-- / Yoast SEO plugin. -->

[vc_row][vc_column][vc_column_text] Integración Junta Directiva 2022-2024 [/vc_column_text][/vc_column][/vc_row][vc_row row_type=&#8221;row_full_center_content&#8221;][vc_column][vc_single_image image=&#8221;7642&#8243; img_size=&#8221;full&#8221; alignment=&#8221;center&#8221; style=&#8221;vc_box_rounded&#8221;][/vc_column][/vc_row][vc_row][vc_column][vc_column_text]En la Federación de la Pequeña y Mediana Empresa, nuestra misión es velar por los intereses de los asociados, representándolos ante las entidades públicas y privadas, nacionales e internacionales, impulsar el crecimiento y éxito de las empresas en un mundo empresarial en constante evolución. Nuestra [&hellip;]

Federación de la pequeña y mediana empresa
